the remainder when 467755 is divided by 1630.
1575
What is the remainder when 20862 is divided by 5174?
166
Calculate the remainder when 64437 is divided by 172.
109
What is the remainder when 873752 is divided by 87374?
12
Calculate the remainder when 261808975 is divided by 424.
423
What is the remainder when 682041 is divided by 3278?
217
What is the remainder when 1735389 is divided by 39?
6
Calculate the remainder when 292180 is divided by 3804.
3076
What is the remainder when 228763304 is divided by 8?
0
Calculate the remainder when 4540514 is divided by 213.
206
What is the remainder when 56359 is divided by 301?
72
Calculate the remainder when 14179661 is divided by 48.
29
What is the remainder when 17980721 is divided by 1569?
1550
What is the remainder when 1970698 is divided by 15640?
58
What is the remainder when 8807 is divided by 3988?
831
What is the remainder when 380477 is divided by 190222?
33
What is the remainder when 52578202 is divided by 1209?
1
Calculate the remainder when 86453 is divided by 21211.
1609
What is the remainder when 878365 is divided by 2148?
1981
Calculate the remainder when 657789 is divided by 219185.
234
What is the remainder when 51377 is divided by 195?
92
What is the remainder when 125824 is divided by 41816?
376
Calculate the remainder when 7099345 is divided by 235.
230
Calculate the remainder when 102124398 is divided by 43.
0
What is the remainder when 2866729 is divided by 87?
79
Calculate the remainder when 70521718 is divided by 3358175.
43
What is the remainder when 284216 is divided by 306?
248
Calculate the remainder when 367881 is divided by 14701.
356
Calculate the remainder when 15710662 is divided by 53620.
2
What is the remainder when 1785041 is divided by 42500?
41
What is the remainder when 4148305 is divided by 9301?
59
Calculate the remainder when 113863 is divided by 416.
295
Calculate the remainder when 106406119 is divided by 4.
3
What is the remainder when 15375541 is divided by 57158?
39
What is the remainder when 1715534 is divided by 3243?
3230
What is the remainder when 2190981 is divided by 34234?
5
What is the remainder when 988102 is divided by 164681?
16
Calculate the remainder when 6825260 is divided by 56407.
13
What is the remainder when 97396 is divided by 125?
21
Calculate the remainder when 5740803 is divided by 574079.
13
What is the remainder when 112510 is divided by 5916?
106
Calculate the remainder when 80481 is divided by 80114.
367
Calculate the remainder when 191468370 is divided by 6348.
6342
What is the remainder when 67601 is divided by 7173?
3044
Calculate the remainder when 29595720 is divided by 138.
102
What is the remainder when 374436 is divided by 374436?
0
What is the remainder when 73773 is divided by 697?
588
What is the remainder when 1550287 is divided by 411?
406
Calculate the remainder when 72948 is divided by 2094.
1752
What is the remainder when 1983163 is divided by 633?
607
Calculate the remainder when 36215332 is divided by 5714.
0
Calculate the remainder when 155791676 is divided by 20.
16
Calculate the remainder when 356396 is divided by 59384.
92
What is the remainder when 56178919 is divided by 24?
7
What is the remainder when 6870 is divided by 2973?
924
What is the remainder when 34555 is divided by 4249?
563
Calculate the remainder when 73474 is divided by 2146.
510
What is the remainder when 4021691 is divided by 1005386?
147
What is the remainder when 141800 is divided by 4933?
3676
What is the remainder when 277292 is divided by 276893?
399
Calculate the remainder when 7453819 is divided by 219229.
33
Calculate the remainder when 28084 is divided by 11633.
4818
Calculate the remainder when 95035 is divided by 770.
325
What is the remainder when 81374564 is divided by 20343641?
0
Calculate the remainder when 1137352 is divided by 1137281.
71
Calculate the remainder when 115572891 is divided by 149.
147
Calculate the remainder when 730926 is divided by 27.
9
What is the remainder when 757189 is divided by 935?
774
What is the remainder when 2748874 is divided by 395?
69
Calculate the remainder when 230989 is divided by 230640.
349
Calculate the remainder when 7105608 is divided by 2368535.
3
What is the remainder when 100121 is divided by 837?
518
Calculate the remainder when 23148 is divided by 1495.
723
What is the remainder when 1913337 is divided by 76533?
12
What is the remainder when 3476054 is divided by 96?
86
Calculate the remainder when 64235 is divided by 3102.
2195
What is the remainder when 583521 is divided by 367?
358
Calculate the remainder when 8474 is divided by 305.
239
Calculate the remainder when 5983044 is divided by 634.
620
Calculate the remainder when 13006488 is divided by 897.
885
What is the remainder when 3188394 is divided by 31?
13
Calculate the remainder when 1986976 is divided by 992439.
2098
Calculate the remainder when 73713 is divided by 2081.
878
Calculate the remainder when 142574025 is divided by 3606.
3603
Calculate the remainder when 628610 is divided by 628610.
0
What is the remainder when 589510 is divided by 1637?
190
Calculate the remainder when 631540 is divided by 286.
52
Calculate the remainder when 197704 is divided by 6808.
272
Calculate the remainder when 12976552 is divided by 60.
52
Calculate the remainder when 25181478 is divided by 109.
80
Calculate the remainder when 98420 is divided by 1.
0
What is the remainder when 33410 is divided by 366?
104
Calculate the remainder when 31056189 is divided by 108969.
24
Calculate the remainder when 224021 is divided by 978.
59
What is the remainder when 360750 is divided by 14424?
150
What is the remainder when 42337969 is divided by 305?
4
What is the remainder when 21405 is divided by 9838?
1729
Calculate the remainder when 1226020 is divided by 72107.
201
What is the remainder when 8410281 is divided by 958?
957
What is the remainder when 25949682 is divided by 926770?
122
Calculate the remainder when 923552 is divided by 348.
308
Calculate the remainder when 648658 is divided by 9009.
10
What is the remainder when 280705 is divided by 5510?
5205
What is the remainder when 2114887 is divided by 142?
81
What is the remainder when 930620 is divided by 6997?
19
Calculate the remainder when 25914166 is divided by 406.
404
What is the remainder when 1827199 is divided by 913569?
61
What is the remainder when 569537702 is divided by 2874?
2870
What is the remainder when 12661950 is divided by 2137?
225
Calculate the remainder when 234271 is divided by 116315.
1641
What is the remainder when 1543042 is divided by 1837?
1799
What is the remainder when 9269887 is divided by 70?
67
Calculate the remainder when 5095874 is divided by 116.
110
What is the remainder when 4169051 is divided by 1497?
1403
Calculate the remainder when 51446 is divided by 22515.
6416
What is the remainder when 1439058 is divided by 28?
26
Calculate the remainder when 223355 is divided by 31907.
6
What is the remainder when 163476 is divided by 3207?
3126
Calculate the remainder when 115972 is divided by 668.
408
What is the remainder when 4346297 is divided by 29769?
23
What is the remainder when 176231 is divided by 493?
230
What is the remainder when 839343 is divided by 336?
15
What is the remainder when 2223337 is divided by 66?
61
What is the remainder when 295856 is divided by 49307?
14
Calculate the remainder when 177583 is divided by 25366.
21
What is the remainder when 13709 is divided by 721?
10
What is the remainder when 5957228 is divided by 23922?
650
Calculate the remainder when 62360758 is divided by 21.
19
Calculate the remainder when 645033 is divided by 226.
29
Calculate the remainder when 2001688 is divided by 2001676.
12
Calculate the remainder when 116586 is divided by 344.
314
What is the remainder when 117889 is divided by 58898?
93
Calculate the remainder when 26838 is divided by 25972.
866
Calculate the remainder when 642606 is divided by 642433.
173
What is the remainder when 52976 is divided by 5864?
200
Calculate the remainder when 4413834 is divided by 11.
7
What is the remainder when 1533534 is divided by 2042?
2034
Calculate the remainder when 21257874 is divided by 327044.
14
What is the remainder when 1383340 is divided by 70